85/(-918)). Calculate the greatest common factor of x and 10.
2
Let v be (-8)/(-52) - (-17448)/156. What is the highest common divisor of v and 14?
14
Suppose 3*a - 3*y - 840 - 126 = 0, 0 = 4*a - 3*y - 1286. What is the greatest common divisor of a and 10?
10
Let d = 17 - 15. Suppose -r - u - d = 2*u, 3*r = -3*u + 12. Suppose 0 = -3*k + k + 98. What is the highest common divisor of r and k?
7
Let s(v) = 8*v**3 - 2*v + 1. Let u be -1 + -2 + 1 + 3. Let n be s(u). Let k be (-6 + -8)*((-1)/(-2))/(-1). Calculate the greatest common divisor of n and k.
7
Let b = -68 - -122. Suppose -t + 4 + 2 = 0. Suppose -2*f - 3*z = -t, 0 = f - 0*z - 5*z - 16. What is the highest common factor of f and b?
6
Let s be (-528)/(-136) + (-2)/(-17). Suppose -y - u + 10 = 3*u, 0 = -s*y + 5*u + 145. Let p = 7 + 3. What is the highest common factor of y and p?
10
Let s be 4 - ((0 - 2) + -27 + 22). Calculate the highest common divisor of 176 and s.
11
Let s be (23 - -5)*(-3 - -8). Let a be (-85 + 1)/((-6)/4). What is the highest common factor of a and s?
28
Let l be 14/(9/(-3) + (-283)/(-94)). Suppose -386 = 3*x - l. Calculate the greatest common divisor of x and 31.
31
Let d(u) = -10*u + 252. Let w be d(25). Calculate the greatest common factor of w and 294.
2
Suppose 19*q - 9096 = 917. What is the greatest common factor of q and 51?
17
Let k = -4 + 9. Let f = k - 0. Let y(h) = -3*h + 20. Let z be y(0). Calculate the highest common divisor of f and z.
5
Let m(l) = l**3 + 17*l**2 + 11*l - 62. Let f be m(-16). Let u be (f/4)/((-4)/(-8)). What is the highest common factor of u and 153?
9
Let z be 22 - ((-8)/12 + 21/(-9)). What is the greatest common factor of 675 and z?
25
Suppose -4*x + 0 = -152. Let u be (-48)/(4 + x/(-8)). Calculate the greatest common factor of u and 8.
8
Let u = -2 + 9. Let d = 31 - u. What is the greatest common factor of d and 12?
12
Let b = 391 - 363. Calculate the highest common factor of b and 644.
28
Suppose 4*o + 2*m = 6, -m - 1 = -2*o + 4. Let z be (o/(-5))/((-3)/60). What is the highest common divisor of z and 4?
4
Let a be 3 - (1 + 1 + -1). Suppose 0 = -7*j + a*j + 25, 0 = -3*h - 5*j + 130. Let l be -2*((-52)/8 + 4). Calculate the greatest common divisor of h and l.
5
Let a(d) = -109*d + 6. Let g be a(-3). Suppose g = 5*w - 87. Calculate the greatest common factor of w and 24.
12
Let z be (0 - 0)/(0 + 1). Suppose 4*t + 0*g - 4*g - 8 = 0, 2*g - 4 = z. Suppose t*x + 161 - 889 = 0. What is the greatest common divisor of x and 26?
26
Let j(m) = 9*m - 7. Suppose -3*y + 5*y - 5 = -3*g, 19 = 4*y + 3*g. Let f be j(y). Suppose 3*x + x = f. Calculate the highest common factor of 2 and x.
2
Suppose 3*g = 7 - 1. Let v be ((-39)/(-9))/(g/18). Let z = -471 + 497. What is the highest common divisor of v and z?
13
Let k(q) = -481*q + 94. Let n be k(-1). Calculate the greatest common divisor of n and 175.
25
Suppose -930 = -86*g + 76*g. Calculate the highest common divisor of g and 806.
31
Suppose -3*f + 205 = 4*j, 4*j - 215 = -3*f + 5*j. Calculate the greatest common divisor of f and 2059.
71
Let s = 421 - 407. Let f = 5 + -2. Suppose 2*h - 450 = -2*i - 2*i, 4*i + f*h = 451. Calculate the highest common divisor of i and s.
14
Suppose 2*i + 44 + 44 = 0. Let d be (-2 + 0)/(1/i). Calculate the highest common factor of d and 22.
22
Let z = -9 + 16. Suppose d + 39 = 3*w - z, w - 6 = -2*d. Let m be 7/w + (-34)/(-4). Calculate the greatest common divisor of 3 and m.
3
Let j(a) = -a**2 + 9*a + 3. Let o be j(7). Calculate the greatest common factor of 578 and o.
17
Suppose 3*x - 27 = -2*y - 2*x, 5*y - 2*x + 5 = 0. What is the greatest common factor of 2 and y?
1
Let r = -24 - -54. Let y = -89 + 149. Calculate the greatest common divisor of y and r.
30
Let g(h) = 4*h + 8. Let k be g(-3). Let v be (2 - (-74)/k)/(7/(-14)). What is the highest common divisor of 297 and v?
33
Let u(i) = 87*i**2 + 1. Let k be u(-1). Let v = -61 + k. Calculate the highest common factor of 81 and v.
27
Let p(h) be the second derivative of -5*h + 0*h**2 + 1/3*h**3 + 0. Let x be p(5). What is the highest common factor of 10 and x?
10
Let t = 7 + 9. Suppose 26 = -3*i + 32. Calculate the greatest common factor of t and i.
2
Let f = 28 + 104. Suppose 728 - 188 = 2*h. Let r be h/24 - 3/(-4). What is the highest common divisor of f and r?
12
Let i be 1*3 - (-19 + 15/(-3)). Suppose -4*y - i = -13*y. Calculate the highest common divisor of y and 2.
1
Let y be (-138)/(-3) + (-2 - (-1 - -1)). What is the greatest common divisor of y and 55?
11
Let j be (98/2 - 1) + 2. Suppose 0 = -4*t + j + 38. Let d = t + -13. What is the highest common divisor of 36 and d?
9
Let v(y) = 4*y**2 + 45*y - 3. Let f be v(-13). Calculate the greatest common factor of f and 66.
22
Let p(r) = -9*r - 11. Let d(v) = 13*v + 17. Let l(z) = 5*d(z) + 7*p(z). Let n be l(6). Calculate the highest common factor of 80 and n.
20
Let u(f) = -f - 8. Let x be u(-7). Let r be (-2 - x)/((-1)/17). Suppose -5*s + 57 = r. What is the greatest common divisor of 20 and s?
4
Suppose 10 = u - 15. Let m = 61 - u. Suppose 4*k - 2*r - 356 = 0, 5*k - 359 = -3*r + 97. Calculate the greatest common factor of m and k.
18
Let h be (-11040)/(-575)*20/3. What is the highest common divisor of 1 and h?
1
Let a be (-3)/(-9) - (6 - 32018/21). Calculate the greatest common divisor of 62 and a.
31
Let d be 3*32/12*1. Suppose r - 8 = x, -r + 22 - d = 2*x. What is the greatest common divisor of 80 and r?
10
Let i = -5 - -8. Suppose 12 = -i*m - 0*m. Let x be -16*m/(-16)*-6. Calculate the greatest common divisor of 3 and x.
3
Let y(g) = 3*g - 4*g + 9 - 2. Let q be y(9). Let j be ((-18)/3*2)/q. Calculate the greatest common divisor of j and 18.
6
Let y be (-45)/(-12)*(-4)/(-3). Suppose 14 = -y*d + 44. Calculate the greatest common divisor of 24 and d.
6
Suppose 4*f - 87 = f. Let n = f + 27. Suppose 5*v + 0 = 40. Calculate the highest common divisor of n and v.
8
Let f = -30 + 43. Calculate the greatest common divisor of f and 169.
13
Let s = 120 - 211. Let j = s - -103. What is the greatest common factor of 12 and j?
12
Let k(u) = u**3 - 35*u**2 + 98*u - 12. Let a be k(32). Calculate the greatest common divisor of a and 39.
13
Suppose -3*s - 16 = -f, 2 = 2*s - 4*s. Let u be 0 + -1 - 0/f. Let o be u/((-201)/99 + 2). What is the highest common factor of 22 and o?
11
Let q(c) = 2*c + 34. Let r be q(-16). Suppose 0*v - 8 = -r*v, 0 = -2*k - 4*v + 34. Let y be 4/((-33)/k - -4). Calculate the highest common factor of y and 60.
12
Let u = 50 + -50. Let k(o) = o**2 - 3*o + 182. Let n be k(u). What is the highest common divisor of n and 26?
26
Let w(r) = r**3 - 21*r**2 - 20*r - 11. Let y be w(22). What is the highest common factor of 3 and y?
3
Suppose -p + 0*s + 1244 = -2*s, 3*s = 6. What is the highest common factor of 39 and p?
39
Suppose y - q = 16, -15*y + 40 = -11*y + 2*q. Calculate the highest common factor of y and 12.
12
Let t = 18 + -12. Suppose 2*m - 3*k - 138 = 0, -5*k - 37 = -m + 39. What is the greatest common factor of t and m?
6
Let t be (-2391)/(-15) - 4/10. Let q = t + -131. Let a(y) = -47*y - 1. Let i be a(-3). Calculate the highest common factor of i and q.
28
Suppose 196*a = 182*a + 21280. Calculate the greatest common divisor of a and 285.
95
Suppose -18 = -6*r - 3*r. Let o = 36 - r. What is the highest common factor of 51 and o?
17
Let z(h) be the third derivative of h**4/12 + 5*h**3/3 + 4*h**2. Let g be z(4). What is the greatest common divisor of g and 18?
18
Suppose 0 = -4*t - 16, 5*t + 238 + 202 = 5*g. What is the greatest common divisor of g and 56?
28
Suppose 492 = 7*t - 3*t. What is the highest common divisor of 12 and t?
3
Suppose 3*i + 3*a = 417, -40 = -i + 5*a + 81. Calculate the greatest common factor of i and 56.
8
Suppose 5*c - 5*d - 120 = 0, -3*d = -0*d - 15. Suppose 3*u = -3*t + 63, 0 = -u - 2*t - 3*t + c. Calculate the highest common divisor of 76 and u.
19
Let j = 5 + 3. Suppose -2 = 3*w - j. Suppose -2*q + 3 = -3, h - w*q = 24. What is the highest common divisor of 15 and h?
15
Let i(y) = 4*y**2 + 4*y + 5. Suppose 26*j - 6 = 29*j. Let k be i(j). What is the highest common factor of 65 and k?
13
Let t = -164 - -436. What is the greatest common factor of t and 17?
17
Suppose 2*m = m + 68. Let d(t) = -2*t - 25. Let j be d(-14). Let l be 4